 + 36*x + 1686. What is y(76)?
-1354
Let g(h) = 15999*h + 95973. Determine g(-6).
-21
Let r(b) = b**3 - 23*b**2 + 17*b - 35. Determine r(22).
-145
Let r(o) = -18*o - 371. Calculate r(-25).
79
Let q(w) = -2*w**2 - 1740*w - 12132. Give q(-7).
-50
Let l(j) = -j**2 + 101*j + 9. What is l(0)?
9
Let j(c) = c**3 - 8*c**2 + c + 66. Give j(6).
0
Let p(b) = b**2 - 38*b - 265. Determine p(-6).
-1
Let h(a) = -a**3 - 2*a**2 + 18*a - 400. Calculate h(-9).
5
Let s(g) = g**3 + 16*g**2 - 55*g + 15. Calculate s(-19).
-23
Let v(u) = -20*u - 89. Determine v(-4).
-9
Let a(o) = o**3 - 94*o**2 + 354*o + 541. What is a(90)?
1
Let q(y) = 17*y + 7. Give q(-10).
-163
Let q(r) = r**2 - 39*r + 190. Calculate q(33).
-8
Let g(o) = 474*o - 2827. Determine g(6).
17
Let v(b) = 2*b**2 - 52*b - 231. What is v(30)?
9
Let l(u) = -3691*u + 217759. Determine l(59).
-10
Let a(t) = 12*t + 115. Determine a(-23).
-161
Let p(u) = -1535*u - 133549. Determine p(-87).
-4
Let w(n) = -3*n**2 + 38*n - 83. What is w(5)?
32
Let x(p) = -p**2 + 43*p + 97. Give x(-2).
7
Let k(c) = -c**2 - 37*c + 192. What is k(5)?
-18
Let h(n) = 6*n**2 - 83*n + 4. Calculate h(12).
-128
Let r(q) = 201*q**2 - 3019*q + 59. Determine r(15).
-1
Let d(t) = 2283*t + 4518. Determine d(-2).
-48
Let l(y) = y**2 + 265*y + 3517. Give l(-14).
3
Let o(x) = -x**3 + 25*x**2 - 41*x + 34. What is o(23)?
149
Let b(t) = t**2 + 82*t - 962. Give b(15).
493
Let l(z) = -140*z + 159. Give l(1).
19
Let d(b) = 110*b - 1958. Determine d(22).
462
Let s(q) = -q**2 - 50*q - 142. Give s(-29).
467
Let m(n) = -5*n**3 + 27*n**2 + 10*n + 7. Give m(6).
-41
Let b(a) = 2*a**2 + 5*a - 10. Calculate b(-11).
177
Let p(t) = -2*t**2 - 4*t + 17. Determine p(3).
-13
Let b(a) = 33*a - 349. What is b(11)?
14
Let z(t) = -2*t**2 + 27*t + 129. What is z(-5)?
-56
Let y(h) = -2*h**3 + 7*h**2 + 6*h + 9. Determine y(3).
36
Let p(m) = -m**2 + 224*m - 132. Give p(0).
-132
Let i(b) = 18*b - 122. Determine i(18).
202
Let m(o) = 3*o**2 - 177*o + 116. Give m(58).
-58
Let s(q) = 17*q - 833. Calculate s(49).
0
Let r(k) = -2*k**2 - 9*k + 5. Determine r(0).
5
Let r(m) = -m**3 + 30*m**2 - 24*m - 156. Calculate r(29).
-11
Let m(o) = -2*o**3 - 7*o**2 + o + 1. Calculate m(-5).
71
Let o(d) = 4*d**3 - 24*d**2 - 34*d + 31. Calculate o(7).
-11
Let n(s) = -s**3 - 16*s**2 + 141*s + 200. Calculate n(-22).
2
Let b(f) = -9*f**2 + 95*f + 5. Calculate b(-4).
-519
Let o(m) = 4*m**3 + 5*m**2 + 3. Calculate o(-5).
-372
Let l(y) = 2*y**2 - 30*y - 874. Determine l(30).
26
Let w(h) = 13*h**3 - 25*h**2 - 18*h + 28. What is w(2)?
-4
Let f(j) = -j**3 + 20*j**2 - 53*j - 67. Determine f(15).
263
Let k(c) = -12*c**2 - 37*c - 38. Give k(-1).
-13
Let f(s) = -s**3 - 7*s**2 - 6*s - 21. Calculate f(-6).
-21
Let n(q) = 3*q**2 + 8*q - 138. Give n(7).
65
Let x(l) = -90*l - 3328. Give x(-37).
2
Let z(m) = m**2 + 11*m + 97. What is z(16)?
529
Let l(n) = 1834*n - 294. What is l(0)?
-294
Let b(v) = 27*v + 356. Give b(-12).
32
Let u(b) = 282*b - 1140. What is u(4)?
-12
Let p(u) = u**3 - 5*u**2 - 12*u + 31. Give p(5).
-29
Let f(d) = 34*d + 140. Calculate f(4).
276
Let v(j) = -177*j + 4264. Give v(24).
16
Let s(p) = -2*p**2 - 62*p - 294. Give s(-25).
6
Let f(w) = -2*w**2 + 18*w - 53. Calculate f(12).
-125
Let v(h) = 85*h + 870. What is v(-9)?
105
Let n(p) = -2*p**3 - 179*p**2 + 96*p + 548. Determine n(-90).
8
Let m(o) = -7*o**2 + 324*o - 414. What is m(45)?
-9
Let m(s) = -s**2 - 5*s + 65. Determine m(-9).
29
Let n(c) = -67*c + 129. Determine n(8).
-407
Let c(h) = -h**3 - 13*h**2 - 13*h + 39. Determine c(-8).
-177
Let d(u) = -u**3 + 18*u**2 - 80*u + 148. Calculate d(13).
-47
Let t(s) = 4959*s - 4934. What is t(1)?
25
Let l(d) = 8*d**3 - d**2 + 8*d + 9. Determine l(-1).
-8
Let j(x) = x**3 - 15*x**2 - 188*x - 75. What is j(-8)?
-43
Let g(a) = -129*a + 258. Determine g(3).
-129
Let p(t) = -83*t - 81. What is p(-3)?
168
Let v(d) = d**3 + 5*d**2 - 32*d - 70. Give v(-5).
90
Let a(s) = -2*s**2 + 89*s + 341. Calculate a(-4).
-47
Let f(z) = -14*z**3 - 252*z**2 - 5*z - 72. Calculate f(-18).
18
Let r(l) = -36*l + 669. Calculate r(20).
-51
Let j(p) = -2*p**3 + 38*p**2 + 5*p - 22. Calculate j(19).
73
Let k(j) = 174*j - 406. Calculate k(3).
116
Let k(u) = -1725*u - 10324. Give k(-6).
26
Let o(h) = 2*h**2 + 58*h + 91. What is o(-23)?
-185
Let f(p) = 82*p + 958. Calculate f(-12).
-26
Let k(r) = -15*r - 27. Give k(3).
-72
Let f(s) = 1226*s**2 - 8581*s - 6. Give f(7).
1
Let l(r) = r**2 + 71*r + 1263. Determine l(-36).
3
Let b(f) = 69*f + 334. What is b(-5)?
-11
Let d(c) = -c**2 + 272*c + 543. Give d(-2).
-5
Let p(u) = -u**3 + 2*u**2 - 55*u + 235. Calculate p(4).
-17
Let c(w) = 324*w - 18775. What is c(58)?
17
Let b(w) = w**3 + 174*w**2 - 171*w + 710. Calculate b(-175).
10
Let z(s) = -41*s**2 - 230*s - 2. Give z(-6).
-98
Let f(o) = -7*o**2 + 637*o - 2418. What is f(87)?
18
Let w(r) = -12*r**3 - 5*r**2 - r - 1. Give w(2).
-119
Let x(t) = 14*t**2 - 160*t + 40. Calculate x(11).
-26
Let t(w) = -w**2 + 16*w + 242. Calculate t(27).
-55
Let h(f) = -3*f**3 - 5*f**2 + 83*f + 21. Determine h(5).
-64
Let r(b) = -279*b - 553. What is r(-2)?
5
Let j(s) = 2*s**2 + 33*s + 89. What is j(-13)?
-2
Let w(p) = -97*p - 120. Give w(-6).
462
Let k(q) = -q**3 + 4*q**2 - 19*q + 792. Calculate k(10).
2
Let s(a) = 95*a + 1907. Give s(-19).
102
Let f(w) = -w**2 - 784*w - 13042. Calculate f(-17).
-3
Let y(v) = 75*v - 5. Determine y(2).
145
Let p(v) = 72*v - 256. Determine p(3).
-40
Let m(f) = 14*f + 604. Determine m(-45).
-26
Let g(l) = -20*l**2 + 17*l - 31. Calculate g(3).
-160
Let b(y) = -2*y**2 - 12*y - 1. What is b(-9)?
-55
Let q(f) = 18*f + 384. Give q(-15).
114
Let d(r) = -11*r**3 + 57*r**2 - 112*r + 508. What is d(5)?
-2
Let j(o) = 290*o + 74232. Determine j(-256).
-8
Let h(l) = -54*l**3 - l**2 + 51*l - 94. What is h(2)?
-428
Let q(r) = 16*r + 19. Give q(-6).
-77
Let k(f) = f**2 - 28*f - 1185. What is k(-23)?
-12
Let m(b) = 39*b + 2764. Give m(-71).
-5
Let f(u) = -u**2 - 76*u - 1368. Give f(-48).
-24
Let o(j) = 39*j - 242. Calculate o(-10).
-632
Let t(v) = v**3 + 9*v**2 - 4*v - 113. What is t(-8)?
-17
Let f(y) = -74*y - 6547. Calculate f(-89).
39
Let a(b) = 3*b**3 + 21*b**2 + 14*b + 25. Determine a(-6).
49
Let c(h) = 2*h**3 - 5*h**2 - 3*h + 14. Calculate c(2).
4
Let h(b) = 14*b + 127. Calculate h(-9).
1
Let n(d) = 8*d**3 - 19*d**2 + 2*d. What is n(2)?
-8
Let y(r) = -r - 231. Give y(-27).
-204
Let a(z) = -12*z**2 - 40*z + 75. Calculate a(2).
-53
Let q(p) = -p**3 + 12*p**2 - 1350*p + 16191. Give q(12).
-9
Let f(g) = 23*g + 607. Calculate f(-28).
-37
Let h(d) = 12*d**2 + 166*d - 28. Determine h(-18).
872
Let o(d) = -d**3 - 15*d**2 + 9*d - 114. Determine o(-16).
-2
Let q(l) = -l**2 - 12*l + 294. Give q(12).
6
Let l(v) = -3*v**2 - 33*v + 14. Calculate l(-13).
-64
Let u(m) = -m**2 - 14*m + 103. Give u(8).
-73
Let u(g) = g**3 + 28*g**2 - 92*g + 6. Determine u(-31).
-25
Let o(b) = -2*b**3 - 62*b**2 - 15. What is o(-31)?
-15
Let b(n) = 10*n + 751. Give b(38).
1131
Let v(a) = 2*a**2 - 277*a - 711. Give v(141).
-6
Let g(r) = 56*r**2 + 5760*r - 827. Calculate g(-103).
-3
Let m(y) = -578*y + 5208. What is m(9)?
6
Let m(b) = -216*b - 1509. Calculate m(-7).
3
Let a(h) = h**2 - 9*h - 19. Determine a(15).
71
Let j(p) = -p**3 - 135*p**2 - 360*p - 30305. Give j(-134).
-21
Let h(t) = -71*t + 481. Determine h(6).
55
Let m(s) = -2*s**3 + 288*s**2 - 1118*s - 278. Give m(140).
2
Let w(y) = y**2 - 225*y - 35127. Determine w(-106).
-41
Let s(b) = -9*b**3 + 27*b**2 - 12*b + 42. Determine s(3).
6
Let d(p) = -p**3 + 11*p**2 + 29*p - 28. What is d(13)?
11
Let a(d) = 16*d**2 + 78*d - 20. Give a(-2).
-112
Let g(a) = 403*a + 846. Determine g(-2).
40
Let d(n) = n**3 - 67*n**2 - 355*n - 361. Calculate d(72).
-1
Let t(d) = 3*d**3 - 10*d**2 + 3*d + 2. What is t(4)?
46
Let k(w) = w**3 - 12*w**2 - 118*w + 756. What is k(5)?
-9
Let t(g) = g**2 + 38*g - 248. What is t(-48)?
232
Let w(a) = 2*a**2 - 104*a - 1388. Give w(-11).
-2
Let d(y) = -y**3 - 9*y**2 + 70*y - 11. Give d(5).
-11
Let b(d) = -3*d**2 - 682*d - 3331. Give b(-5).
4
Let v(d) = d**2 + 22*d - 285. What is v(9)?
-6
Let q(s) = 8*s**2 - 11*s - 92. Determine q(4).
-8
Let x(l) = 3*l**3 + 13*l**2 - 27*l - 21. Give x(-7).
-224
Let c(a) = 9*a**3 - 8*a + 6. What is c(3)?
225
Let i(s) = s**3 + 26*s**2 + 68*s - 34. Give i(-23).
-11
Let m(q) = -291